- (-10 + -1) - 2
3
What is the value of (-16 - -8 - -3) + -9 + 13?
-1
Evaluate (-180 - -199) + -15 + 1.
5
What is (-3 - 1 - (68 + -94)) + -11?
11
Calculate 8 + (-18 - (-23 + 27)).
-14
What is the value of -23 + 14 - -14 - (35 + -1 - 2)?
-27
What is (-6 - 2) + (16 + -21 - -9)?
-4
-4 + -2 + 2 + 2 + 12 + 3
13
Calculate 29 - (-47 - (-63 - 33)).
-20
Calculate -9 + 2 - (-6 + -1 + -1).
1
Evaluate (13 - -14) + 13 + -64.
-24
(4 - (-27 - -7)) + -8
16
-1 + (4 - -4 - 0)
7
-19 - ((14 - -6) + -15 - 14)
-10
What is the value of -22 + -9 + 21 - 0 - -14?
4
Evaluate -3 + 11 + (-15 - 0).
-7
Calculate -2 - 1 - 3 - -7.
1
What is -8 - (3 + -5) - (-2 + -6 + -3)?
5
Evaluate 6 - (-2 - (-3 - (5 - 7))).
7
What is the value of 11 + -23 + 27 + -4 + 1?
12
Evaluate -1 + 16 - 12 - -1.
4
What is 26 + 11 + -17 - 1?
19
Evaluate 4 + (7 - 9) - (7 + -3).
-2
-13 + 17 + (2 + -11 - 4) - 6
-15
What is the value of -26 + 2 - (-28 + 3 + 18)?
-17
What is the value of 24 + -29 + -2 + -1 + 9 + -4?
-3
Calculate 5 - -2 - (12 - (4 - (8 - 8))).
-1
What is the value of 23 + -8 + -38 + 18?
-5
Evaluate 16 + -22 - (4 + -18).
8
Calculate 9 - 35 - (4 + -2) - -9.
-19
Calculate 8 - (9 + -10) - 6 - 15.
-12
What is the value of (10 - 19) + 21 - 3 - (-1 - 0)?
10
Calculate (-63 - -50) + (-1 - 18).
-32
22 + (8 - (-1 - (-15 + 4)))
20
What is the value of -8 + -3 + 13 - 11 - 12?
-21
Calculate 2 + -4 + 8 - -4.
10
(-1331 - -1323) + 2 + -2 + -2
-10
Calculate 53 - (15 - (25 - 41)).
22
Evaluate 10 + (25 - (5 - -6)).
24
What is 2 + -12 + -6 - (-50 - -46)?
-12
Calculate 31 + (-8 - -15) + (-1 - 8).
29
Evaluate -6 + (-22 - (26 - 43) - (-16 + -1)).
6
What is (-3 - (-2 + 4)) + (-8 - (-3 + -6))?
-4
What is (11 + 0 - 5) + 4?
10
25 + 12 + -27 + 10
20
-13 - (-2 + -6 + (-3 + 7 - 1))
-8
-7 + (-3 - (-5 - -2 - 2)) - -16
11
What is -11 + 9 + 25 + -12?
11
Evaluate (-2 - -5) + (-45 - -60).
18
Evaluate -2 - 14 - (8 - 4) - (0 + -1).
-19
Calculate -17 - -1 - (1421 + -1444).
7
What is -31 - (-10 + -14 - 4)?
-3
What is -14 - (9 - (2 - -14))?
-7
Evaluate 37 + -8 - (-2 - -18).
13
(8 - 4) + -3 + 5 + 4
10
What is (28 - 58) + 15 - -5?
-10
What is -12 + -2 + 8 + (-29 - -28)?
-7
Evaluate (1 + -8 - (4 - (-10 + 13))) + 19.
11
7 - (0 - (2 - (4 + -3)) - 1)
9
What is the value of (-4 - (3 - 5)) + (25 - 21) - -8?
10
4 - (11 + (-6 + 2 - -6) + 2)
-11
What is 2 + (-6 - -3) + (2 - -2)?
3
Calculate (19 - 16) + 2 + (1 - (5 - 2)).
3
(8 - 0) + -224 + 215
-1
-1 - (-22 - -26) - (1 + 12)
-18
What is -7 + 1 - (2 - (-1 - 3))?
-12
Evaluate 20 + -9 - (-3 - (1 - 2) - 3).
16
Evaluate -8 - (16 + -38) - (25 - 0).
-11
Evaluate -131 - -148 - (27 + 0).
-10
What is -18 + 10 + (3 + 0 - 7) - 3?
-15
5 + (-13 - (-8 + -7) - 17)
-10
Evaluate -5 + 4 + -1 + -10 + 2 + 3.
-7
-1 - 3 - (-5 + 19 + -8 + 0)
-10
Evaluate 1 + (2 - (5 + -7 - 4 - -8)).
1
What is (-2 - 0 - (-1 + 3 + -6)) + -9?
-7
What is the value of 10 - (13 + 0 - (24 - 11))?
10
What is the value of 7 + -36 + 54 + -7?
18
9 + -7 + 7 - (12 + -11)
8
What is 233 + -245 + (11 - 1)?
-2
What is the value of 3 + (-6 - 6) + 1 - -2?
-6
-10 + 11 + 0 - 4
-3
What is 17 + (1 - 11) + (1 - 12)?
-4
Calculate (1 + -7 - (-51 + 46)) + 0.
-1
What is 7 + (-7 - ((3 - 5) + -6)) + -2?
6
What is the value of -4 + -6 + 1 + -16 + 19?
-6
What is the value of 10 + 0 + 0 + -3 - (22 + -7)?
-8
1 - (-16 - (-3 + -8) - (-7 - 1))
-2
Calculate -13 + 1 - (-144 - -115).
17
What is the value of (7 - (16 - 7)) + 8 - (9 + 0)?
-3
Calculate (-21 - (-9 - 2)) + 11.
1
Evaluate (-60 - -4) + 34 - (-10 - 1).
-11
31 - 9 - ((4 - 1) + -5) - -1
25
Calculate 19 - ((48 - 19) + -20) - -24.
34
What is -158 - -153 - (2 - 2)?
-5
Calculate -11 + (18 - (26 + -5 + -12)).
-2
What is (2 - 11) + 11 - (-2 + 1) - 2?
1
Evaluate 8 - (-11 - (4 - 26)).
-3
Calculate 1135 + -1145 + -1 + 0 + -10.
-21
Evaluate -9 + 6 + 3 + 1 + -5 - -11.
7
Evaluate -36 + 0 - ((2 + -12 - -4) + -5).
-25
What is the value of 2 - (-3 + 14) - (42 + -59)?
8
-284 + 305 + (-2 - 35)
-16
Evaluate -18 + -8 + -8 + 13 + 5 + 2.
-14
(4 + 4 - -9) + 9
26
Calculate -12 + 26 + 5 + -21.
-2
(-3 - 40) + 176 + -150
-17
Calculate -13 - (10 - (28 - 9)).
-4
Evaluate (3 + -6 - -4) + (82 - 84).
-1
What is 1039 + -1033 + 1 + -1 + 0 + -32?
-26
Evaluate 17 + -20 - (-15 - 18).
30
What is the value of -4 + -18 - -36 - 11?
3
Calculate -20 - (4 - (2 + 0 + 15)).
-7
What is the value of -2 - -2 - -9 - (-260 - -273)?
-4
Evaluate (-7 + 13 + -5 - 7) + -10.
-16
What is the value of 48 - (6 - -25) - (2 - 1 - -6)?
10
What is the value of 2 - (-2 - -12 - (41 + -51))?
-18
Evaluate -5 + (-4 - -15) + -5.
1
Evaluate 0 - 15 - (5 + -2 + -16 + 9).
-11
What is the value of (28 + -22 - 12) + (-6 - (0 + -2))?
-10
What is the value of (11 - 11 - -9) + -7?
2
Evaluate -60 - (-37 - (45 - 52)).
-30
10 + -6 - (1 - 2 - 0)
5
What is the value of 33 - (25 + 33) - (-4 - 0)?
-21
What is the value of 0 + 15 + -5 - 9 - (4 - 1)?
-2
-5 + 9 + 5 + -3 + -12
-6
Evaluate 37 - (-34 + 24) - 32.
15
What is 1 + -4 - (-355 - -347)?
5
What is the value of -3 - (12 - (-17 - -35))?
3
What is (315 - 323) + -3 + 1 + 26 + 2?
18
What is -17 - (-47 - -26 - -15)?
-11
Evaluate -25 + -1 + (-164 - -172).
-18
Calculate -11 + 0 + (14 + -14 - -14).
3
What is (-8 - (4 - -2)) + 30?
16
What is the value of -1 + 0 + (-8 - (5 - (11 + 0)))?
-3
What is (24 - 41) + 0 + 22?
5
5 + (6 - 10 - 5)
-4
What is (0 - 3) + 2 - (3 + -20 + 31)?
-15
3 - (7 - (-35 + 42 - (0 + 2)))
1
Calculate 21 - ((-6 - -13) + -1).
15
5 - 3 - 6 - (4 + 0)
-8
What is the value of -13 + 1 + (71 - 70) - -4?
-7
Calculate -3 + -19 - (172 + -185).
-9
What is (-3 - -6) + -11 + 4?
-4
Evaluate 13 - -11 - 19 - 13.
-8
What is -42 + 89 + -3 + -27?
17
Calculate 17 - (28 + -16 - -39).
-34
Evaluate -13 + 19 + -6 - -8 - -8.
16
What is the value of -10 + (-33 - -58) - (-2 - 2)?
19
What is the value of (-41 - (-136 + 48)) + -45?
2
What is 7 + 3 - (9 - 15)?
16
2 - (10 - 5 - (1 + -2 + 1))
-3
Calculate (2 - 1) + -1 - (4 + 2 + 0).
-6
Calculate -5 + 1 + 1 - (-2161 - -2178).
-20
(-4 - (-8 + (-4 - -9))) + -1 + 19
17
Evaluate 30 - 2 - ((20 - 39) + 32).
15
Calculate 0 + -11 - (26 + -49 + 10).
2
What is the value of 5 + -1 + 8 + 11 + -19 + -12?
-8
Evaluate 2 + -7 + (-15 - -21) - -12.
13
5 - 3 - 10 - ((-9 - 13) + 41)
-27
(3 + 29 - -2) + -9
25
What is the value of 5 - -2 - (-404 + 385)?
26
What is the value of (2 + 8 + -17 - -5) + (-24 - 0)?
-26
Calculate 0 + 0 + 1 - (-16 + 13).
4
Evaluate (-2 - (0 - (3 - 7))) + 15 - 0.
9
(2 - (0 + -3)) + -53 + 19 + 16
-13
What is (6 - 3) + 5 + -19 + 12 - 1?
0
-1 - ((-22 - -57) + -28)
-8
What is the value of 2 + -1 + 3 + (26 - (61 + -26))?
-5
Evaluate -7 + 0 - ((-8 + 0 - 1) + 8).
-6
What is (6 - (0 + -2)) + -13 + 4?
-1
What is the value of 0 + -8 + (0 - 8) + -258 + 294?
20
Evaluate -4 + 2 + (11 + -11 - (5 - -4)).
-11
-17 + 16 + -1 + (5 - 10)
-7
Evaluate (12 - -3) + -14 + -20.
-19
What is (21 - 3) + (-2 - (11 + -3))?
8
What is 25 + -13 + 3 + -12?
3
What is -21 - (-5 + (3 - 8 - -2))?
-13
Evaluate -21 + 12 - (0 - 5).
-4
What is (-293 - -284) + -8 + 4 + (1 - 0)?
-12
(14 - 13 - (-3 - 0)) + -10
-6
What is the value of -15 + 80 + -30 - 28?
7
Calculate (-4 - -2) + 0 + (19 - 10) + 2.
9
Evaluate -46 + -10 + (33 - 5).
-28
Calculate 11 + 7 + (23 - 28).
13
Evaluate (-7 - (-7 + 5)) + -3 + 0 + -3.
-11
Evaluate 4 + (-5 + 0 + 5 - 6).
-2
Calculate -13 + 34 + -5 + -29.
-13
What is (-39 + 19 - -20) + -1 + -3?
-4
Calculate -2 + -4 + -2 + (11 - 5).
-2
What is -8 - (16 - (17 - -11))?
4
What is -117 + 108 - (-2 - 16) - (3 - -29)?
-23
What is 31 - (4 + -4 + -14 + 18) - 8?
19
3 + (1 - -4) + -16 - (2 - 14)
4
Calculate 2 + -1 + -11 + 28 + -4 + -16.
-2
What is the value of (-8 - -6 - -11) + (-43 - 11 - -8)?
-37
Calculate -7 - -2 - (-7 + 1 - -5) - -6.
2
What is 7 + -10 + -5 + (16 - 3)?
5
What is the value of -127 - -150 - (7 - (-3 + 1))?
14
-21 + 37 - (1 + 1)
14
What is the value of (3 - 2) + -9 + (10 + -3 - 2)?
-3
12 + (-12 - (-21 + 14) - -15)
22
What is (-26 - -2) + (1 - (-16 + 15)) + -3?
-25
What is the value of -4 + -8 + (27 - 21)?
-6
What is 9 + 2 + -9 + (-17 - (-4 + 2))?
-13
Calculate 0 + (2 + -15 + 8 - 1).
-6
Calculate -3 + (1 - 0) - (-1319 + 1317).
0
4 + (0 - 14) + (6 - 5)
-9
20 + -14 + -6 - (3 - -26)
-29
(6 - 6) + (0 - 4) - (-4 + -7)
7
Calculate 2 + 1 + 9 + -20 + 14 - 4.
2
Calculate 15 + -4 + -21 + -6.
-16
8 + -1 - (41 + -33)
-1
What is (2 - 3) + 14 + -32 + 